{"id":100,"date":"2022-04-04T00:27:58","date_gmt":"2022-04-04T00:27:58","guid":{"rendered":"http:\/\/freeandiz-confiserie.com\/?page_id=100"},"modified":"2022-07-28T00:09:35","modified_gmt":"2022-07-28T00:09:35","slug":"qui-sommes-nous","status":"publish","type":"page","link":"https:\/\/freeandiz-confiserie.com\/index.php\/qui-sommes-nous\/","title":{"rendered":"Qui sommes-nous"},"content":{"rendered":"\t\t<div data-elementor-type=\"wp-page\" data-elementor-id=\"100\" class=\"elementor elementor-100\">\n\t\t\t\t\t\t\t\t\t<section class=\"elementor-section elementor-top-section elementor-element elementor-element-1734475c elementor-section-height-min-height elementor-section-boxed elementor-section-height-default elementor-section-items-middle\" data-id=\"1734475c\" data-element_type=\"section\" data-settings=\"{&quot;background_background&quot;:&quot;classic&quot;}\">\n\t\t\t\t\t\t\t<div class=\"elementor-background-overlay\"><\/div>\n\t\t\t\t\t\t\t<div class=\"elementor-container elementor-column-gap-default\">\n\t\t\t\t\t<div class=\"elementor-column elementor-col-100 elementor-top-column elementor-element elementor-element-682cf4f4\" data-id=\"682cf4f4\" data-element_type=\"column\">\n\t\t\t<div class=\"elementor-widget-wrap elementor-element-populated\">\n\t\t\t\t\t\t\t\t\t<\/div>\n\t\t<\/div>\n\t\t\t\t\t\t\t<\/div>\n\t\t<\/section>\n\t\t\t\t<section class=\"elementor-section elementor-top-section elementor-element elementor-element-3ea1f3d3 elementor-section-boxed elementor-section-height-default elementor-section-height-default\" data-id=\"3ea1f3d3\" data-element_type=\"section\">\n\t\t\t\t\t\t<div class=\"elementor-container elementor-column-gap-default\">\n\t\t\t\t\t<div class=\"elementor-column elementor-col-50 elementor-top-column elementor-element elementor-element-78ed2e95\" data-id=\"78ed2e95\" data-element_type=\"column\">\n\t\t\t<div class=\"elementor-widget-wrap elementor-element-populated\">\n\t\t\t\t\t\t\t\t<div class=\"elementor-element elementor-element-35e409d9 elementor-widget elementor-widget-image\" data-id=\"35e409d9\" data-element_type=\"widget\" data-widget_type=\"image.default\">\n\t\t\t\t<div class=\"elementor-widget-container\">\n\t\t\t<style>\/*! elementor - v3.6.1 - 23-03-2022 *\/\n.elementor-widget-image{text-align:center}.elementor-widget-image a{display:inline-block}.elementor-widget-image a img[src$=\".svg\"]{width:48px}.elementor-widget-image img{vertical-align:middle;display:inline-block}<\/style>\t\t\t\t\t\t\t\t\t\t\t\t<img width=\"1200\" height=\"798\" src=\"https:\/\/freeandiz-confiserie.com\/wp-content\/uploads\/2022\/04\/Fichier-1@2x-100.jpg\" class=\"attachment-full size-full\" alt=\"\" loading=\"lazy\" srcset=\"https:\/\/freeandiz-confiserie.com\/wp-content\/uploads\/2022\/04\/Fichier-1@2x-100.jpg 1200w, https:\/\/freeandiz-confiserie.com\/wp-content\/uploads\/2022\/04\/Fichier-1@2x-100-300x200.jpg 300w, https:\/\/freeandiz-confiserie.com\/wp-content\/uploads\/2022\/04\/Fichier-1@2x-100-1024x681.jpg 1024w, https:\/\/freeandiz-confiserie.com\/wp-content\/uploads\/2022\/04\/Fichier-1@2x-100-768x511.jpg 768w\" sizes=\"(max-width: 1200px) 100vw, 1200px\" \/>\t\t\t\t\t\t\t\t\t\t\t\t\t\t\t<\/div>\n\t\t\t\t<\/div>\n\t\t\t\t\t<\/div>\n\t\t<\/div>\n\t\t\t\t<div class=\"elementor-column elementor-col-50 elementor-top-column elementor-element elementor-element-4b21c56d\" data-id=\"4b21c56d\" data-element_type=\"column\">\n\t\t\t<div class=\"elementor-widget-wrap elementor-element-populated\">\n\t\t\t\t\t\t\t\t<div class=\"elementor-element elementor-element-6ebe6702 elementor-widget elementor-widget-heading\" data-id=\"6ebe6702\" data-element_type=\"widget\" data-widget_type=\"heading.default\">\n\t\t\t\t<div class=\"elementor-widget-container\">\n\t\t\t<style>\/*! elementor - v3.6.1 - 23-03-2022 *\/\n.elementor-heading-title{padding:0;margin:0;line-height:1}.elementor-widget-heading .elementor-heading-title[class*=elementor-size-]>a{color:inherit;font-size:inherit;line-height:inherit}.elementor-widget-heading .elementor-heading-title.elementor-size-small{font-size:15px}.elementor-widget-heading .elementor-heading-title.elementor-size-medium{font-size:19px}.elementor-widget-heading .elementor-heading-title.elementor-size-large{font-size:29px}.elementor-widget-heading .elementor-heading-title.elementor-size-xl{font-size:39px}.elementor-widget-heading .elementor-heading-title.elementor-size-xxl{font-size:59px}<\/style><h2 class=\"elementor-heading-title elementor-size-default\">Notre histoire <\/h2>\t\t<\/div>\n\t\t\t\t<\/div>\n\t\t\t\t<div class=\"elementor-element elementor-element-40e9581e elementor-widget elementor-widget-text-editor\" data-id=\"40e9581e\" data-element_type=\"widget\" data-widget_type=\"text-editor.default\">\n\t\t\t\t<div class=\"elementor-widget-container\">\n\t\t\t<style>\/*! elementor - v3.6.1 - 23-03-2022 *\/\n.elementor-widget-text-editor.elementor-drop-cap-view-stacked .elementor-drop-cap{background-color:#818a91;color:#fff}.elementor-widget-text-editor.elementor-drop-cap-view-framed .elementor-drop-cap{color:#818a91;border:3px solid;background-color:transparent}.elementor-widget-text-editor:not(.elementor-drop-cap-view-default) .elementor-drop-cap{margin-top:8px}.elementor-widget-text-editor:not(.elementor-drop-cap-view-default) .elementor-drop-cap-letter{width:1em;height:1em}.elementor-widget-text-editor .elementor-drop-cap{float:left;text-align:center;line-height:1;font-size:50px}.elementor-widget-text-editor .elementor-drop-cap-letter{display:inline-block}<\/style>\t\t\t\tFreeandiz est une marque agroalimentaire ivoirienne n\u00e9e en Mars 2018 de l&#8217;initiative de deux s\u0153urs Carine et Esther Dje, toutes deux pationn\u00e9es par l&#8217;agrotransformation, Nous proposons des friandises saines et naturelles Notre objectif est de promouvoir et valoriser nos produits locaux.\t\t\t\t\t\t<\/div>\n\t\t\t\t<\/div>\n\t\t\t\t<div class=\"elementor-element elementor-element-fe67b46 elementor-align-left elementor-widget elementor-widget-button\" data-id=\"fe67b46\" data-element_type=\"widget\" data-widget_type=\"button.default\">\n\t\t\t\t<div class=\"elementor-widget-container\">\n\t\t\t\t\t<div class=\"elementor-button-wrapper\">\n\t\t\t<a href=\"http:\/\/freeandiz-confiserie.com\/index.php\/contact\/\" class=\"elementor-button-link elementor-button elementor-size-sm\" role=\"button\">\n\t\t\t\t\t\t<span class=\"elementor-button-content-wrapper\">\n\t\t\t\t\t\t<span class=\"elementor-button-text\">Contact<\/span>\n\t\t<\/span>\n\t\t\t\t\t<\/a>\n\t\t<\/div>\n\t\t\t\t<\/div>\n\t\t\t\t<\/div>\n\t\t\t\t\t<\/div>\n\t\t<\/div>\n\t\t\t\t\t\t\t<\/div>\n\t\t<\/section>\n\t\t\t\t<section class=\"elementor-section elementor-top-section elementor-element elementor-element-714aae7 elementor-section-boxed elementor-section-height-default elementor-section-height-default\" data-id=\"714aae7\" data-element_type=\"section\">\n\t\t\t\t\t\t<div class=\"elementor-container elementor-column-gap-default\">\n\t\t\t\t\t<div class=\"elementor-column elementor-col-50 elementor-top-column elementor-element elementor-element-74955a5\" data-id=\"74955a5\" data-element_type=\"column\">\n\t\t\t<div class=\"elementor-widget-wrap elementor-element-populated\">\n\t\t\t\t\t\t\t\t<div class=\"elementor-element elementor-element-c2e9d07 elementor-widget elementor-widget-heading\" data-id=\"c2e9d07\" data-element_type=\"widget\" data-widget_type=\"heading.default\">\n\t\t\t\t<div class=\"elementor-widget-container\">\n\t\t\t<h2 class=\"elementor-heading-title elementor-size-default\">Vision<\/h2>\t\t<\/div>\n\t\t\t\t<\/div>\n\t\t\t\t<div class=\"elementor-element elementor-element-94bbd44 elementor-widget elementor-widget-text-editor\" data-id=\"94bbd44\" data-element_type=\"widget\" data-widget_type=\"text-editor.default\">\n\t\t\t\t<div class=\"elementor-widget-container\">\n\t\t\t\t\t\t\t<p>Reduire les pertes post recolte de fruit par la transformation et proposer \u00e0 la population une gamme vari\u00e9e de friandises naturelles\u00a0<\/p><p><strong>Notre \u00e9quipe :<\/strong> Notre \u00e9quipe est principalement f\u00e9minine et constitu\u00e9e de femmes passionn\u00e9es\u00a0 et engag\u00e9es dans la r\u00e9alisation des objectifs. Nous partageons toutes\u00a0 les memes valeurs qui sont les fondements de notre entreprise\u00a0<\/p><p><strong>Notre mission :<\/strong> participer \u00e0 l&#8217;autonomisation de la femme et\u00a0 permettre aux producteurs de vivre du fruit de leur labeur\u00a0<\/p>\t\t\t\t\t\t<\/div>\n\t\t\t\t<\/div>\n\t\t\t\t<div class=\"elementor-element elementor-element-8645fba elementor-align-left elementor-widget elementor-widget-button\" data-id=\"8645fba\" data-element_type=\"widget\" data-widget_type=\"button.default\">\n\t\t\t\t<div class=\"elementor-widget-container\">\n\t\t\t\t\t<div class=\"elementor-button-wrapper\">\n\t\t\t<a href=\"http:\/\/freeandiz-confiserie.com\/index.php\/contact\/\" class=\"elementor-button-link elementor-button elementor-size-sm\" role=\"button\">\n\t\t\t\t\t\t<span class=\"elementor-button-content-wrapper\">\n\t\t\t\t\t\t<span class=\"elementor-button-text\">Contact<\/span>\n\t\t<\/span>\n\t\t\t\t\t<\/a>\n\t\t<\/div>\n\t\t\t\t<\/div>\n\t\t\t\t<\/div>\n\t\t\t\t\t<\/div>\n\t\t<\/div>\n\t\t\t\t<div class=\"elementor-column elementor-col-50 elementor-top-column elementor-element elementor-element-d006b7a\" data-id=\"d006b7a\" data-element_type=\"column\">\n\t\t\t<div class=\"elementor-widget-wrap elementor-element-populated\">\n\t\t\t\t\t\t\t\t<div class=\"elementor-element elementor-element-8a97925 elementor-widget elementor-widget-image\" data-id=\"8a97925\" data-element_type=\"widget\" data-widget_type=\"image.default\">\n\t\t\t\t<div class=\"elementor-widget-container\">\n\t\t\t\t\t\t\t\t\t\t\t\t\t\t\t<img width=\"1200\" height=\"800\" src=\"https:\/\/freeandiz-confiserie.com\/wp-content\/uploads\/2022\/04\/fresh-coconuts-put-white-wooden-background.jpg\" class=\"attachment-full size-full\" alt=\"\" loading=\"lazy\" srcset=\"https:\/\/freeandiz-confiserie.com\/wp-content\/uploads\/2022\/04\/fresh-coconuts-put-white-wooden-background.jpg 1200w, https:\/\/freeandiz-confiserie.com\/wp-content\/uploads\/2022\/04\/fresh-coconuts-put-white-wooden-background-300x200.jpg 300w, https:\/\/freeandiz-confiserie.com\/wp-content\/uploads\/2022\/04\/fresh-coconuts-put-white-wooden-background-1024x683.jpg 1024w, https:\/\/freeandiz-confiserie.com\/wp-content\/uploads\/2022\/04\/fresh-coconuts-put-white-wooden-background-768x512.jpg 768w\" sizes=\"(max-width: 1200px) 100vw, 1200px\" \/>\t\t\t\t\t\t\t\t\t\t\t\t\t\t\t<\/div>\n\t\t\t\t<\/div>\n\t\t\t\t\t<\/div>\n\t\t<\/div>\n\t\t\t\t\t\t\t<\/div>\n\t\t<\/section>\n\t\t\t\t\t\t\t<\/div>\n\t\t","protected":false},"excerpt":{"rendered":"<p>Notre histoire Freeandiz est une marque agroalimentaire ivoirienne n\u00e9e en Mars 2018 de l&#8217;initiative de deux s\u0153urs Carine et Esther Dje, toutes deux pationn\u00e9es par l&#8217;agrotransformation, Nous proposons des friandises saines et naturelles Notre objectif est de promouvoir et valoriser nos produits locaux. Contact Vision Reduire les pertes post recolte de fruit par la transformation [&hellip;]<\/p>\n","protected":false},"author":1,"featured_media":0,"parent":0,"menu_order":0,"comment_status":"closed","ping_status":"closed","template":"elementor_header_footer","meta":[],"_links":{"self":[{"href":"https:\/\/freeandiz-confiserie.com\/index.php\/wp-json\/wp\/v2\/pages\/100"}],"collection":[{"href":"https:\/\/freeandiz-confiserie.com\/index.php\/wp-json\/wp\/v2\/pages"}],"about":[{"href":"https:\/\/freeandiz-confiserie.com\/index.php\/wp-json\/wp\/v2\/types\/page"}],"author":[{"embeddable":true,"href":"https:\/\/freeandiz-confiserie.com\/index.php\/wp-json\/wp\/v2\/users\/1"}],"replies":[{"embeddable":true,"href":"https:\/\/freeandiz-confiserie.com\/index.php\/wp-json\/wp\/v2\/comments?post=100"}],"version-history":[{"count":11,"href":"https:\/\/freeandiz-confiserie.com\/index.php\/wp-json\/wp\/v2\/pages\/100\/revisions"}],"predecessor-version":[{"id":180,"href":"https:\/\/freeandiz-confiserie.com\/index.php\/wp-json\/wp\/v2\/pages\/100\/revisions\/180"}],"wp:attachment":[{"href":"https:\/\/freeandiz-confiserie.com\/index.php\/wp-json\/wp\/v2\/media?parent=100"}],"curies":[{"name":"wp","href":"https:\/\/api.w.org\/{rel}","templated":true}]}}